List the prime factors of z(12).
5, 17
Let u be (-3)/12 + 1/(-4)*-1633. Suppose u = 3*c - 51. What are the prime factors of c?
3, 17
Suppose -16*y - f = -19*y + 1142, -y + 382 = f. What are the prime factors of y?
3, 127
Suppose 4*y - 15 = -s, 0 = -2*s + 5*s - 9. Suppose -189 = 3*w - 3*z, -4*z = -0*w + y*w + 210. List the prime factors of (2/4)/((-3)/w).
11
Suppose -22*p = -20*p - 8. Suppose -o - p*t = -53, -3*o + 207 = -7*t + 3*t. What are the prime factors of o?
5, 13
Let h be 308/(-10)*((-24)/3 + -2). Let b = -172 + h. List the prime factors of b.
2, 17
Let p(i) = i**3 + 12*i**2 - 6*i + 3. What are the prime factors of p(-9)?
2, 3, 5
Let k = 842 + -763. Let x be (-267)/5 + (-4)/(-10). Let i = x + k. What are the prime factors of i?
2, 13
Let i = -77 - -130. What are the prime factors of i?
53
Suppose -2*p = -5*a + 14, -4*a + 16 = -3*p - 12. Let u = 3 - p. Suppose -18*k = -u*k - 30. What are the prime factors of k?
2, 5
Suppose -4*u + 333 = 109. Suppose -51*d = -u*d + 120. What are the prime factors of d?
2, 3
Suppose 25*s = 57679 + 13746. List the prime factors of s.
2857
Let n(s) = 2*s**2 - 20*s - 32. List the prime factors of n(22).
2, 31
Suppose 3*s - 10 - 8 = 0. Suppose 2*t + 5*u = 23 - 8, 0 = -2*t + 3*u - 9. What are the prime factors of (-9)/(s/(-16) + t)?
2, 3
Let n(m) be the first derivative of -3*m**2 - 14*m + 6. Let b be n(-4). Suppose -r = -30 - b. What are the prime factors of r?
2, 5
Let d = 552 - -1101. What are the prime factors of d?
3, 19, 29
Let o = -902 - -1578. List the prime factors of o.
2, 13
Let i = 39 - -83. Let p = i + -96. What are the prime factors of p?
2, 13
Let t = -32 - -87. What are the prime factors of t?
5, 11
Let r(w) = 10*w**2 + 3*w - 3. Let h be r(1). Suppose -261 - 559 = -h*s. What are the prime factors of s?
2, 41
Suppose -5*m = -3*g + 2*g + 390, 0 = -2*g. Let v be m/3 + (0 - 2). List the prime factors of (-3)/(((-20)/v)/(-5)).
3, 7
Let u = 2925 + -1905. What are the prime factors of u?
2, 3, 5, 17
Let f = -17 - -17. What are the prime factors of (4/3)/(f + 5/1005)?
2, 67
Suppose 75264 = -56*u + 105*u. List the prime factors of u.
2, 3
Let g(u) = 26*u - 14. Let y(n) = 53*n - 29. Let h(f) = 9*g(f) - 4*y(f). List the prime factors of h(7).
2, 3
Let x = -1009 + 1807. What are the prime factors of x?
2, 3, 7, 19
Let q(i) = 5*i - 47. Let t = 86 - 66. List the prime factors of q(t).
53
Let y = 2173 - 1450. What are the prime factors of y?
3, 241
Let p be (-1 + 4)*(-2 + 3 - 0). Suppose 12 + 30 = p*r. What are the prime factors of r?
2, 7
Suppose 10*r - 448 = 3*r. Suppose -b = 4*v + 2*b - 88, -3*b = -4*v + r. List the prime factors of v.
19
Suppose i = 3*q - 1, -7*q - i - 3 = -11*q. Let s be 5/2*4*1. Let h = s - q. List the prime factors of h.
2
Suppose 6*d - 2826 = 942. What are the prime factors of d?
2, 157
Let n(p) = -p**2 + 2*p + 5. Let y be n(4). Let w(v) = -25*v + 10. What are the prime factors of w(y)?
5, 17
Suppose 4*a - v = 2*a + 7, 0 = -4*a + 3*v + 11. Suppose 4*d - 556 + 169 = -a*x, 2*x + 10 = 0. List the prime factors of d.
103
Let n = -23 + 23. Suppose n*m = m - 2. What are the prime factors of m?
2
Suppose 8 = -6*n + 32. Suppose -526 = -4*p + 2*c, 5*p - c - 132 = n*p. List the prime factors of p.
131
Let y(m) = m**3 + 6*m**2 + 5*m. Let r(v) = -4*v + 4. Let c be r(7). Let b = c + 20. List the prime factors of y(b).
2, 3
Let m(y) = y**2 + 3*y - 6. Let z be m(-5). Let i = 99 + -97. Suppose 3*v = -i*f + z, -2*v + v + 5*f = -7. List the prime factors of v.
2
Let x(u) be the second derivative of u**4/4 - 3*u**3/2 + 5*u**2 - 16*u. What are the prime factors of x(9)?
2, 43
List the prime factors of 527 + -99 + (1 - 3*-1).
2, 3
Suppose 0 = x + 4 - 6. Suppose -x*y = -o - 4*y + 38, 4*o = -4*y + 160. Suppose 2*v = -0*v, -2*h + o = 4*v. List the prime factors of h.
3, 7
Let w(g) = g**2 - g - 12. Let b be w(10). Suppose 2*k = 2*z + b, -2*k - k = -5*z - 123. List the prime factors of 8/(3 - 100/k).
2, 3
Let t = 3328 - 135. List the prime factors of t.
31, 103
Suppose 6*p + 165 = p. Let t be ((-8)/5)/(4/(-10)). List the prime factors of (t + 0)/((-6)/p).
2, 11
Let m = -57 - 5. Let s = 195 + m. List the prime factors of s.
7, 19
Let p = 5227 + -2538. List the prime factors of p.
2689
Let o(y) = 7*y + 3. Let m(x) = -x**2 + 9*x - 4. Let q be m(7). What are the prime factors of o(q)?
73
Let b(p) = -15*p + 17. Let o be b(-4). Suppose g + o = 8*g. List the prime factors of g.
11
Let g(r) = r**2 + 4*r + 21. Let z be g(10). Let h = z + 163. List the prime factors of h.
2, 3
Let x = -19 - -129. Suppose -12*s = -11*s - x. What are the prime factors of s?
2, 5, 11
What are the prime factors of -33*5337/(-135) + 4/10?
3, 5, 29
Let n be (-21)/(-28)*(62 - -2). Suppose 2*s - n - 102 = 0. Let q = s - 23. What are the prime factors of q?
2, 13
What are the prime factors of (-2)/(4/(-422)) - -3?
2, 107
Suppose 5*f = f. Let i be (-1)/(3/(-30) - f). What are the prime factors of 2/i - 444/(-30)?
3, 5
Suppose 2*u + 4*s = 0, -s = 3*u - 17 - 8. Let h(y) = y**2 - 6*y - 14. What are the prime factors of h(u)?
2, 13
Let a(b) = 5*b + 2. Let h be a(5). Suppose -3*s - 133 = -2*j + 2*s, -260 = -4*j + 4*s. Let y = j - h. List the prime factors of y.
37
Let k be (8 + -10)*(2 + -1). Let v(w) = -36*w + 6. What are the prime factors of v(k)?
2, 3, 13
Let u(g) = g**3 + 6*g**2 - 4. Let v be u(-6). Let o(k) = -11*k - 8. Let l(i) = 12*i + 8. Let f(r) = -3*l(r) - 2*o(r). What are the prime factors of f(v)?
2, 3
Let y(p) = p**3 - 3*p**2 + 2*p. Let d be y(2). Let v(u) = u**3 - u + 67. What are the prime factors of v(d)?
67
Suppose 2*h + 3*k - 74 = 0, 5*h - 7 = k + 144. Suppose 5*j - h = 154. List the prime factors of j.
37
Let u(z) = z**3 - 4*z**2 + 2*z + 3. Let a be u(3). Suppose a = 4*k - 55 - 57. What are the prime factors of k?
2, 7
Let s be 1 + ((-2)/2 - 0). Suppose s = d - a - 51, 4*d + 5*a + 57 = 288. List the prime factors of d.
2, 3
Let k = 118 - -58. Let o = k + -78. What are the prime factors of o?
2, 7
What are the prime factors of (-5)/35 + 8682/14?
2, 5, 31
Suppose 3*u - h = -9, u + 0*u - 1 = -h. List the prime factors of u/(-3) - 2618/(-42).
3, 7
Let t(q) = q + 5. Let v be t(4). Let n be 12/(-8)*6/v. List the prime factors of (-3 + n/(-4))*-8.
2, 11
Let i(p) = -60*p + 55. Let z(b) = -5*b + 5. Let y(w) = 2*i(w) - 25*z(w). Suppose -r + 9 + 4 = -4*q, q = -4*r + 52. What are the prime factors of y(r)?
2, 5
Let x be -5 - (-1 - (2 + -4)). Let n be (-1 - 1/(-3))*x. What are the prime factors of (-118)/(-6) - n/(-12)?
2, 5
Let z = -25 - -28. Suppose z*a = -9 + 84. What are the prime factors of a?
5
Let d(s) = 8*s**2 + 30*s + 218. List the prime factors of d(-13).
2, 5, 59
Suppose 0 = 22*i - i - 43029. What are the prime factors of i?
3, 683
Let l(n) = -4*n**3 + 9*n**2 + 6*n - 11. Let s(w) = 5*w**3 - 9*w**2 - 5*w + 11. Let m(o) = -4*l(o) - 3*s(o). Let j = 25 - 15. List the prime factors of m(j).
3, 7
List the prime factors of ((1 - 4) + -1561)*(6 - 7).
2, 17, 23
Suppose c - 5*l = 175 + 369, 0 = 5*c + 2*l - 2585. List the prime factors of c.
3, 173
Let z(p) = 9*p**3 + 202*p**2 - 46*p - 20. List the prime factors of z(-22).
2, 3, 61
Suppose -2*b = 2 - 10. Suppose -3*v - 130 = -b*v. What are the prime factors of v?
2, 5, 13
Let t = 425 - -264. List the prime factors of t.
13, 53
Let g = 225 + -64. What are the prime factors of g?
7, 23
Let a(s) = -2 + 20 - 12 - 10 - 60*s. List the prime factors of a(-3).
2, 11
Let i = 94 - 43. Suppose 0*a - a = 3*v - i, 3*a = 4*v + 166. List the prime factors of (-36)/a*(-219)/2.
73
List the prime factors of (54/3*11)/(2/8).
2, 3, 11
Suppose 44*f - 10125 = 19*f. What are the prime factors of f?
3, 5
Let a(x) = -11*x - 2. Let g = 12 - 12. Let t be (3 - 4)*(3 + g). List the prime factors of a(t).
31
Suppose 7*o - 170 = 5*o. Suppose -5*a + 34 = 2*k, 5*k + 2*a = -a + o. What are the prime factors of k?
17
Let t = -60 - 24. Let m = t - -156. List the prime factors of m.
2, 3
Let x = 0 + 0. Let v be 27*((-12)/(-3) - x). Let z = -64 + v. What are the prime factors of z?
2, 11
Let k(i) = 2*i**2 - 14*i - 12. Let m be k(14). Suppose u = 3, 4*l - 144 = -4*u + m. List the prime factors of l.
79
Suppose 0 = 4*r - 4*l + 26 + 194, 49 = -r - 5*l. Let x = 36 + r. Let m = x - -29. List the prime factors of m.
11
Let n = 193 + -